{"id":137,"date":"2020-05-24T22:17:07","date_gmt":"2020-05-25T01:17:07","guid":{"rendered":"http:\/\/kitebar.oliver-schuetz.de\/?page_id=137"},"modified":"2020-06-21T10:13:31","modified_gmt":"2020-06-21T13:13:31","slug":"das-hotel-portugues","status":"publish","type":"page","link":"http:\/\/kitebar.oliver-schuetz.de\/?page_id=137&lang=pt","title":{"rendered":"O Hotel"},"content":{"rendered":"\n<p>O hotel foi planejado por kitesurfistas para kitesurfistas, constru\u00eddo profissionalmente e inaugurado em 26 de dezembro de 2019.<\/p>\n\n\n\n<p>Localizado a 35 km do Aeroporto Internacional de Fortaleza, em Cumbuco, fica a menos de 50 m da praia &#8211; e bem no KiteSpot! Entre a praia de areia branca e o hotel, h\u00e1 apenas uma barraca de praia onde o compressor pode ser usado gratuitamente. <\/p>\n\n\n\n<p>A grande final do campeonato mundial de kitesurf acontece a menos de 500 metros pela praia. Voc\u00ea pode at\u00e9 velejar at\u00e9 l\u00e1 e voltar velejando! Na alta temporada, de julho a dezembro, a probabilidade de vento para velejar \u00e9 superior a 90%. Portanto, o hotel \u00e9 perfeito &#8211; mas n\u00e3o apenas &#8211; para kitesurfistas!<\/p>\n\n\n\n<p>At\u00e9 o centro s\u00e3o apenas 500 m. Cumbuco oferece diversas op\u00e7\u00f5es de restaurantes, incluindo cozinha brasileira, alem\u00e3, mediterr\u00e2nea, asi\u00e1tica e francesa. In\u00fameras lojas de kite e lojinhas de praia tamb\u00e9m est\u00e3o no local.<\/p>\n\n\n\n<p>Mesmo oferecendo gratuitamente o estacionamento do hotel para nossos h\u00f3spedes, na verdade n\u00e3o \u00e9 necess\u00e1rio ter um carro quando fica no KiteBar Hotel, Cumbuco.<\/p>\n\n\n\n<p>Al\u00e9m das excelentes oportunidades de Kitesurf, Cumbuco tamb\u00e9m oferece muito mais: voc\u00ea gostaria de fazer uma cavalgada ou um passeio de quadriciclo na praia? \u2026 ou uma excurs\u00e3o de buggy \u00e0s dunas, incluindo cair de tirolesa na lagoa de \u00e1gua doce? \u2026. ou talvez prefira passar o dia no famoso &#8222;<a rel=\"noreferrer noopener\" href=\"https:\/\/www.chicodocaranguejo.com.br\/acquachico\/\" target=\"_blank\">Chico do Caranguejo<\/a> Cumbuco&#8220;? \u2026 ou a vers\u00e3o descontra\u00edda: uma bebida numa das diversas barracas de praia seguido de uma massagem ?! \u2026 um bate-volta at\u00e9 a metr\u00f3pole vizinha Fortaleza, com o maior parque aqu\u00e1tico da Am\u00e9rica do Sul &#8222;<a href=\"https:\/\/www.beachpark.com.br\/\" target=\"_blank\" rel=\"noreferrer noopener\">Beach Park<\/a>&#8222;, e as in\u00fameras ofertas culturais e comerciais \u00e9 poss\u00edvel a qualquer momento.<\/p>\n\n\n\n<p>Fale conosco em portugu\u00eas, alem\u00e3o, ingl\u00eas ou espanhol e teremos prazer em ajud\u00e1-lo com a organiza\u00e7\u00e3o&nbsp;das suas atividades\u2026<\/p>\n\n\n\n<p>Finalmente, uma palavra sobre nossa filosofia: Nosso objetivo \u00e9 combinar sustentabilidade com conforto. Por exemplo temos alguns sensores e sistemas inteligentes que ajudam a evitar o <em>desperd\u00edcio<\/em> de eletricidade sem comprometer o conforto.<\/p>\n\n\n\n<p>A \u00e1gua \u00e9 aquecida de maneira ecol\u00f3gica com sistema solar, para que possamos oferecer misturadores de monocomando nos chuveiros que regulam perfeitamente a temperatura da \u00e1gua. A \u00e1gua cinza dos chuveiros, como a \u00e1gua da chuva, \u00e9 coletada em uma cisterna subterr\u00e2nea e usada para irrigar o jardim. Tamb\u00e9m pode ser usada para lavar os equipamentos dos h\u00f3spedes.<\/p>\n\n\n\n<p>Voc\u00ea encontrar\u00e1 apenas o m\u00ednimo inevit\u00e1vel de utens\u00edlios descart\u00e1veis como pratos e talheres de pl\u00e1stico, pacotes de a\u00e7\u00facar etc., &#8230;<\/p>\n\n\n\n<p>&#8230;e obviamente reciclamos o nosso lixo. <\/p>\n\n\n\n<p>No KiteBar Hotel, Cumbuco, voc\u00ea pode aproveitar as suas f\u00e9rias na praia com a consci\u00eancia limpa!<\/p>\n","protected":false},"excerpt":{"rendered":"<p>O hotel foi planejado por kitesurfistas para kitesurfistas, constru\u00eddo profissionalmente e inaugurado em 26 de dezembro de 2019. Localizado a 35 km do Aeroporto Internacional de Fortaleza, em Cumbuco, fica a menos de 50 m da praia &#8211; e bem no KiteSpot! Entre a praia de areia branca e o hotel, h\u00e1 apenas uma barraca &hellip; <\/p>\n<p class=\"link-more\"><a href=\"http:\/\/kitebar.oliver-schuetz.de\/?page_id=137&#038;lang=pt\" class=\"more-link\"><span class=\"screen-reader-text\">\u201eO Hotel\u201c<\/span> weiterlesen<\/a><\/p>\n","protected":false},"author":1,"featured_media":0,"parent":0,"menu_order":0,"comment_status":"closed","ping_status":"closed","template":"","meta":{"ngg_post_thumbnail":0,"footnotes":""},"_links":{"self":[{"href":"http:\/\/kitebar.oliver-schuetz.de\/index.php?rest_route=\/wp\/v2\/pages\/137"}],"collection":[{"href":"http:\/\/kitebar.oliver-schuetz.de\/index.php?rest_route=\/wp\/v2\/pages"}],"about":[{"href":"http:\/\/kitebar.oliver-schuetz.de\/index.php?rest_route=\/wp\/v2\/types\/page"}],"author":[{"embeddable":true,"href":"http:\/\/kitebar.oliver-schuetz.de\/index.php?rest_route=\/wp\/v2\/users\/1"}],"replies":[{"embeddable":true,"href":"http:\/\/kitebar.oliver-schuetz.de\/index.php?rest_route=%2Fwp%2Fv2%2Fcomments&post=137"}],"version-history":[{"count":14,"href":"http:\/\/kitebar.oliver-schuetz.de\/index.php?rest_route=\/wp\/v2\/pages\/137\/revisions"}],"predecessor-version":[{"id":240,"href":"http:\/\/kitebar.oliver-schuetz.de\/index.php?rest_route=\/wp\/v2\/pages\/137\/revisions\/240"}],"wp:attachment":[{"href":"http:\/\/kitebar.oliver-schuetz.de\/index.php?rest_route=%2Fwp%2Fv2%2Fmedia&parent=137"}],"curies":[{"name":"wp","href":"https:\/\/api.w.org\/{rel}","templated":true}]}}