{"id":139,"date":"2020-05-24T22:17:08","date_gmt":"2020-05-25T01:17:08","guid":{"rendered":"http:\/\/kitebar.oliver-schuetz.de\/?page_id=139"},"modified":"2020-06-07T20:58:07","modified_gmt":"2020-06-07T23:58:07","slug":"hotel-descripcion","status":"publish","type":"page","link":"http:\/\/kitebar.oliver-schuetz.de\/?page_id=139&lang=es","title":{"rendered":"El hotel"},"content":{"rendered":"<p>El hotel fue proyectado por kitesurfistas para kitesurfistas, construido por una constructora u inaugurado el dia 26.12.2019.<\/p>\n<p>Situado a 35 km del aeropuerto internacional de Fortaleza en Cumbuco, no son ni 50 metros hacia la playa &#8211; directamente en el KiteSpot! Entre el KiteSpot con playa de arena blanca y el hotel s\u00f3lo hay un chiringuito con compresor de uso gratuito.<\/p>\n<p>La gran final del Campeonato mundial de Kitesurf sucede a menos de 500m bajando la playa. \u00a1Puedes navegar hacia el campionato y regressar navegando! En la temporada alta de julio a diciembre, la probabilidad de vientos navegables es superior al 90%. Por lo tanto, el hotel es perfecto &#8211; pero no solamente &#8211; para los kitesurfistas!<\/p>\n<p>Al centro son unos 500m. Cumbuco ofrece una amplia opci\u00f3n de restaurantes con -entre otros- Cocina brasile\u00f1a, alemana, mediterr\u00e1nea, asi\u00e1tica y francesa. Tambi\u00e9n hay muchas tiendas de kitesurf y ropas de playa.<\/p>\n<p>Mismo ofreciendo nuestro propio parqueo gratuito, un coche no es necesario cuando se aloja en el KiteBar Hotel, Cumbuco.<\/p>\n<p>Adem\u00e1s de las muy buenas condiciones para practicar el Kite, Cumbuco tambi\u00e9n ofrece mucho mas: \u00bfUn paseo de caballo o con el quad en la playa? &#8230;un viaje en buggy a las dunas, incl. deslizandose en la tirolesa hacia el lago de agua dulce? &#8230;. o tal vez un buen d\u00eda en la famosa gastronom\u00eda &#8222;<a href=\"https:\/\/www.chicodocaranguejo.com.br\/acquachico\/\" target=\"_blank\" rel=\"noopener noreferrer\">Chico do Caranguejo<\/a> Cumbuco?&#8230; o la versi\u00f3n relajada: una bebida en uno de los diversos chiringuitos seguido de un masaje?! &#8230; tambi\u00e9n una excursi\u00f3n de un d\u00eda a la cercana metr\u00f3polis Fortaleza con sus numerosas ofertas culturales y comerciales y el parque acu\u00e1tico m\u00e1s grande de Am\u00e9rica del Sur &#8222;<a href=\"https:\/\/www.beachpark.com.br\/es\/\" target=\"_blank\" rel=\"noopener noreferrer\">Beach Park<\/a>&#8220; es posible en cualquier momento.&nbsp; &nbsp; &nbsp;<\/p>\n<p>Hable con nosotros en espa\u00f1ol, ingl\u00e9s, portugu\u00e9s o alem\u00e1n y estaremos encantados de ayudarle con la organicazi\u00f3n de sus actividades de ocio &#8230;<\/p>\n<p>Por \u00faltimo, una palabra sobre nuestra filosof\u00eda: Nuestro objetivo es combinar la sostenibilidad con el confort. Algunos sensores y sistemas inteligentes ayudan, por ejemplo, evitar el desperdicio de electricidad sin comprometer la comodidad.<\/p>\n<p>El agua se calienta de forma respetuosa con el medio ambiente con un sistema solar, para que podamos ofrecer mezcladores con una sola mano en las duchas para regular la temperatura del agua perfectamente. El agua gris de las duchas se recoge, as\u00ed como el agua de lluvia en una cisterna subterr\u00e1nea y se utiliza para regar el jard\u00edn. Tambi\u00e9n se puede utilizar para lavar los equipos.<\/p>\n<p>Los utensilios desechables habituales en Brasil (platos y cubiertos de pl\u00e1stico, pajitas desechables, paquetes de az\u00facar, etc.) hemos reducido al m\u00ednimo inevitable&#8230;<\/p>\n<p>&#8230;y obviamente separamos nuestra basura y enviamosla a una estaci\u00f3n de reciclaje.&nbsp;&nbsp;<\/p>\n<p>\u00a1En el KiteBar Hotel, Cumbuco podr\u00e1 disfrutar sus vacaciones en la playa con la conciencia tranquila!<\/p>\n\n\n<p><\/p>\n","protected":false},"excerpt":{"rendered":"<p>El hotel fue proyectado por kitesurfistas para kitesurfistas, construido por una constructora u inaugurado el dia 26.12.2019. Situado a 35 km del aeropuerto internacional de Fortaleza en Cumbuco, no son ni 50 metros hacia la playa &#8211; directamente en el KiteSpot! Entre el KiteSpot con playa de arena blanca y el hotel s\u00f3lo hay un &hellip; <\/p>\n<p class=\"link-more\"><a href=\"http:\/\/kitebar.oliver-schuetz.de\/?page_id=139&#038;lang=es\" class=\"more-link\"><span class=\"screen-reader-text\">\u201eEl hotel\u201c<\/span> weiterlesen<\/a><\/p>\n","protected":false},"author":1,"featured_media":0,"parent":0,"menu_order":0,"comment_status":"closed","ping_status":"closed","template":"","meta":{"ngg_post_thumbnail":0,"footnotes":""},"_links":{"self":[{"href":"http:\/\/kitebar.oliver-schuetz.de\/index.php?rest_route=\/wp\/v2\/pages\/139"}],"collection":[{"href":"http:\/\/kitebar.oliver-schuetz.de\/index.php?rest_route=\/wp\/v2\/pages"}],"about":[{"href":"http:\/\/kitebar.oliver-schuetz.de\/index.php?rest_route=\/wp\/v2\/types\/page"}],"author":[{"embeddable":true,"href":"http:\/\/kitebar.oliver-schuetz.de\/index.php?rest_route=\/wp\/v2\/users\/1"}],"replies":[{"embeddable":true,"href":"http:\/\/kitebar.oliver-schuetz.de\/index.php?rest_route=%2Fwp%2Fv2%2Fcomments&post=139"}],"version-history":[{"count":3,"href":"http:\/\/kitebar.oliver-schuetz.de\/index.php?rest_route=\/wp\/v2\/pages\/139\/revisions"}],"predecessor-version":[{"id":244,"href":"http:\/\/kitebar.oliver-schuetz.de\/index.php?rest_route=\/wp\/v2\/pages\/139\/revisions\/244"}],"wp:attachment":[{"href":"http:\/\/kitebar.oliver-schuetz.de\/index.php?rest_route=%2Fwp%2Fv2%2Fmedia&parent=139"}],"curies":[{"name":"wp","href":"https:\/\/api.w.org\/{rel}","templated":true}]}}